 the remainder when 459 is divided by 25.
9
Calculate the remainder when 170 is divided by 19.
18
Calculate the remainder when 11545 is divided by 97.
2
Calculate the remainder when 13689 is divided by 535.
314
What is the remainder when 4661 is divided by 36?
17
What is the remainder when 105406 is divided by 288?
286
Calculate the remainder when 276003 is divided by 35.
28
Calculate the remainder when 819717 is divided by 162.
159
What is the remainder when 10399 is divided by 86?
79
What is the remainder when 176907 is divided by 33?
27
Calculate the remainder when 3845 is divided by 6.
5
Calculate the remainder when 6797 is divided by 574.
483
Calculate the remainder when 8845 is divided by 2946.
7
Calculate the remainder when 519045 is divided by 8.
5
Calculate the remainder when 54363 is divided by 277.
71
What is the remainder when 8037 is divided by 30?
27
What is the remainder when 52790 is divided by 89?
13
What is the remainder when 60366 is divided by 648?
102
What is the remainder when 430905 is divided by 447?
444
What is the remainder when 4702 is divided by 24?
22
Calculate the remainder when 1476 is divided by 15.
6
What is the remainder when 1047 is divided by 102?
27
Calculate the remainder when 26895 is divided by 30.
15
What is the remainder when 4883 is divided by 418?
285
Calculate the remainder when 53815 is divided by 17879.
178
Calculate the remainder when 1937192 is divided by 43.
42
Calculate the remainder when 27789 is divided by 160.
109
Calculate the remainder when 203322 is divided by 25415.
2
What is the remainder when 15904 is divided by 36?
28
Calculate the remainder when 4107 is divided by 1903.
301
Calculate the remainder when 316217 is divided by 79052.
9
What is the remainder when 179584 is divided by 33?
31
What is the remainder when 5060 is divided by 550?
110
What is the remainder when 1027465 is divided by 13?
10
What is the remainder when 5631 is divided by 512?
511
Calculate the remainder when 14124 is divided by 186.
174
What is the remainder when 8517 is divided by 8336?
181
What is the remainder when 2246085 is divided by 313?
310
What is the remainder when 17759 is divided by 1777?
1766
What is the remainder when 9132 is divided by 239?
50
Calculate the remainder when 367 is divided by 87.
19
Calculate the remainder when 16509 is divided by 1637.
139
Calculate the remainder when 671 is divided by 119.
76
What is the remainder when 1348133 is divided by 79?
77
What is the remainder when 4789 is divided by 2987?
1802
What is the remainder when 23907 is divided by 4769?
62
Calculate the remainder when 7987 is divided by 444.
439
What is the remainder when 10304 is divided by 258?
242
What is the remainder when 34255 is divided by 251?
119
What is the remainder when 1728 is divided by 326?
98
What is the remainder when 1776027 is divided by 401?
399
What is the remainder when 3783 is divided by 541?
537
What is the remainder when 144396 is divided by 144394?
2
What is the remainder when 52372 is divided by 602?
600
What is the remainder when 1070 is divided by 268?
266
Calculate the remainder when 17581 is divided by 37.
6
What is the remainder when 6826 is divided by 957?
127
What is the remainder when 364831 is divided by 648?
7
Calculate the remainder when 824559 is divided by 19.
16
What is the remainder when 6160 is divided by 2615?
930
What is the remainder when 4503 is divided by 1971?
561
What is the remainder when 32056 is divided by 137?
135
What is the remainder when 10469 is divided by 41?
14
Calculate the remainder when 12893 is divided by 532.
125
Calculate the remainder when 34638 is divided by 11541.
15
What is the remainder when 25356 is divided by 3621?
9
Calculate the remainder when 58689 is divided by 201.
198
What is the remainder when 16414 is divided by 38?
36
What is the remainder when 563 is divided by 9?
5
Calculate the remainder when 24691 is divided by 168.
163
Calculate the remainder when 10231 is divided by 303.
232
Calculate the remainder when 3208 is divided by 384.
136
What is the remainder when 3146 is divided by 529?
501
Calculate the remainder when 234470 is divided by 28.
26
What is the remainder when 327 is divided by 206?
121
What is the remainder when 186491 is divided by 59?
51
Calculate the remainder when 1600 is divided by 232.
208
Calculate the remainder when 2429 is divided by 799.
32
Calculate the remainder when 3835 is divided by 739.
140
What is the remainder when 4499 is divided by 45?
44
What is the remainder when 3690 is divided by 75?
15
What is the remainder when 88151 is divided by 5503?
103
What is the remainder when 10574 is divided by 152?
86
Calculate the remainder when 90736 is divided by 65.
61
What is the remainder when 643 is divided by 79?
11
What is the remainder when 1070 is divided by 473?
124
Calculate the remainder when 12885 is divided by 106.
59
What is the remainder when 113564 is divided by 507?
503
What is the remainder when 217929 is divided by 66?
63
Calculate the remainder when 1949 is divided by 482.
21
Calculate the remainder when 9318 is divided by 115.
3
What is the remainder when 20530 is divided by 46?
14
Calculate the remainder when 1331 is divided by 324.
35
Calculate the remainder when 441087 is divided by 15.
12
Calculate the remainder when 30094 is divided by 837.
799
Calculate the remainder when 1401 is divided by 350.
1
What is the remainder when 3340 is divided by 239?
233
Calculate the remainder when 18454 is divided by 837.
40
Calculate the remainder when 305781 is divided by 480.
21
What is the remainder when 4451 is divided by 77?
62
What is the remainder when 9750 is divided by 69?
21
What is the remainder when 81023 is divided by 111?
104
What is the remainder when 321988 is divided by 134?
120
Calculate the remainder when 787 is divided by 87.
4
Calculate the remainder when 588 is divided by 155.
123
What is the remainder when 11034 is divided by 1837?
12
Calculate the remainder when 265853 is divided by 66462.
5
Calculate the remainder when 5547436 is divided by 1849141.
13
Calculate the remainder when 225497 is divided by 147.
146
Calculate the remainder when 39614 is divided by 46.
8
What is the remainder when 6839 is divided by 175?
14
What is the remainder when 20167 is divided by 2237?
34
Calculate the remainder when 9003 is divided by 158.
155
What is the remainder when 97382 is divided by 8852?
10
What is the remainder when 5238 is divided by 148?
58
Calculate the remainder when 46376 is divided by 105.
71
Calculate the remainder when 50294 is divided by 106.
50
What is the remainder when 204686 is divided by 33?
20
Calculate the remainder when 2837 is divided by 697.
49
What is the remainder when 2788 is divided by 422?
256
Calculate the remainder when 6099 is divided by 54.
51
What is the remainder when 2083768 is divided by 411?
409
What is the remainder when 883 is divided by 816?
67
What is the remainder when 15743 is divided by 5232?
47
What is the remainder when 3836 is divided by 104?
92
Calculate the remainder when 312351 is divided by 344.
343
What is the remainder when 7797893 is divided by 31?
29
What is the remainder when 8901 is divided by 70?
11
Calculate the remainder when 1037398 is divided by 3828.
10
What is the remainder when 22694 is divided by 22674?
20
Calculate the remainder when 37648 is divided by 36.
28
What is the remainder when 14615 is divided by 3642?
47
Calculate the remainder when 13875 is divided by 398.
343
What is the remainder when 133554 is divided by 122?
86
What is the remainder when 1473 is divided by 16?
1
Calculate the remainder when 105359 is divided by 204.
95
Calculate the remainder when 2837 is divided by 85.
32
Calculate the remainder when 23853 is divided by 367.
365
Calculate the remainder when 196689 is divided by 65560.
9
What is the remainder when 16239 is divided by 43?
28
Calculate the remainder when 126 is divided by 49.
28
Calculate the remainder when 83055 is divided by 99.
93
What is the remainder when 7321 is divided by 1825?
21
What is the remainder when 4524 is divided by 1784?
956
Calculate the remainder when 42695 is divided by 117.
107
Calculate the remainder when 5216 is divided by 1242.
248
Calculate the remainder when 9926 i